0*g**2 - 11*g - 219. Determine x(-20).
1
Let r(j) = 3*j**2 - 43*j + 21. Determine r(14).
7
Let l(h) = -4*h + 13. Give l(12).
-35
Let q(k) = -139*k + 1531. Calculate q(11).
2
Let l(d) = d**2 + 3*d - 1. Determine l(0).
-1
Let m(o) = -o**3 - 10*o**2 + 10*o - 12. Give m(-11).
-1
Let x(k) = 3*k**2 - 22*k + 4. What is x(7)?
-3
Let d(q) = -17*q - 2. What is d(6)?
-104
Let p(v) = -4*v**2 - 54*v - 30. Calculate p(-13).
-4
Let s(h) = -2*h**2 - 5*h + 17. Determine s(7).
-116
Let k(f) = -f**2 - 3*f - 1. What is k(-1)?
1
Let l(w) = w**2 + 7*w + 3. Give l(-8).
11
Let c(b) = -4*b**2 + 149*b - 34. Calculate c(37).
3
Let z(t) = t**2 + 42*t + 276. Determine z(-8).
4
Let k(q) = -14*q - 96. Calculate k(-6).
-12
Let p(o) = -o**3 - 9*o**2 - 14*o + 33. Calculate p(-6).
9
Let w(v) = 2*v - 15. Give w(12).
9
Let g(r) = 10*r - 67. Give g(5).
-17
Let m(f) = -5*f**2 + 6*f - 2. Determine m(3).
-29
Let a(c) = 2*c**3 - 15*c**2 + 11*c - 35. Determine a(7).
-7
Let t(q) = 2*q**2 + 42*q + 185. What is t(-6)?
5
Let d(q) = q**3 + 33*q**2 + 2*q + 71. Determine d(-33).
5
Let z(p) = -22*p**3 + p. Determine z(1).
-21
Let u(t) = -t**3 - 9*t**2 - 5*t + 8. What is u(-8)?
-16
Let s(k) = 29*k - 91. What is s(5)?
54
Let r(s) = 29*s - 61. Determine r(6).
113
Let t(v) = v**2 - 25*v - 219. Determine t(32).
5
Let b(z) = -z**3 + 2*z - 2. Give b(1).
-1
Let a(t) = t**2 + 7*t - 13. Determine a(-8).
-5
Let q(j) = -j**2 - 13*j - 36. Calculate q(-8).
4
Let y(k) = -k**2 + 10*k - 4. Determine y(3).
17
Let c(w) = w**2 + 38*w + 66. What is c(-37)?
29
Let h(z) = -3*z**3 - 33*z**2 + 2*z + 21. Determine h(-11).
-1
Let m(z) = -z**3 - 9*z**2 - 13*z - 10. Give m(-8).
30
Let j(z) = -z - 42. Give j(0).
-42
Let p(f) = 24*f**2 - 3*f - 2. Give p(-1).
25
Let w(n) = -n**3 - 10*n**2 - 10*n - 3. Determine w(-6).
-87
Let q(s) = -s**2 - 23*s - 51. What is q(-21)?
-9
Let m(q) = -q - 17. What is m(-28)?
11
Let f(i) = -i**2 + 14*i + 15. What is f(-6)?
-105
Let t(r) = -r**3 - 2*r**2 + 10*r + 9. Calculate t(-3).
-12
Let q(a) = -2*a**2 - 31*a - 122. Give q(-6).
-8
Let b(d) = -d**3 - 23*d**2 - 43*d - 28. Determine b(-21).
-7
Let i(p) = 18*p + 3. Determine i(4).
75
Let u(g) = -g**2 - 13*g + 12. Determine u(-12).
24
Let u(q) = q**2 + 13*q + 30. Determine u(-11).
8
Let p(s) = -5*s**3 - 3*s**2 + 2*s + 3. What is p(-3)?
105
Let w(l) = 3*l - 24. Determine w(7).
-3
Let w(f) = 11*f + 6. Give w(-3).
-27
Let k(x) = -2*x**2 + 8*x + 15. What is k(5)?
5
Let l(t) = 8*t - 6. Calculate l(2).
10
Let n(t) = 12*t - 584. Calculate n(49).
4
Let k(p) = -3*p + 7. What is k(4)?
-5
Let u(o) = -o**3 - 8*o**2 - 2*o - 34. Give u(-8).
-18
Let h(j) = j**3 - 23*j**2 - 45*j - 34. What is h(25)?
91
Let h(l) = l**3 - 7*l**2 + 2*l - 3. What is h(6)?
-27
Let h(q) = q**3 + 8*q**2 + 5*q + 9. What is h(-7)?
23
Let c(y) = -y**2 + 2*y + 1. What is c(4)?
-7
Let z(i) = 2*i + 30. Calculate z(25).
80
Let x(d) = -2*d**2 - 16*d - 51. Give x(-5).
-21
Let z(y) = y**3 - 20*y**2 - 3. Calculate z(20).
-3
Let a(x) = -10*x - 2. What is a(-5)?
48
Let q(u) = -u**2 + 20*u - 86. Calculate q(16).
-22
Let o(x) = x**3 - 15*x**2 + 2*x - 22. Give o(15).
8
Let u(r) = -r - 2. Determine u(8).
-10
Let g(t) = -9*t + 176. Determine g(19).
5
Let u(l) = -l**3 - 3*l**2 + 11*l + 23. Determine u(-5).
18
Let w(y) = 3*y - 1. Calculate w(-2).
-7
Let t(c) = -2*c - 21. Give t(18).
-57
Let a(z) = z**3 + 9*z**2 - 22*z + 6. What is a(-11)?
6
Let a(i) = -i**2 + 2*i - 2. Determine a(-2).
-10
Let v(p) = p**2 - 2*p - 15. Determine v(-3).
0
Let k(u) = u**2 + 12*u + 11. What is k(-4)?
-21
Let f(i) = 2*i - 32. Calculate f(21).
10
Let a(j) = -20*j + 7. Calculate a(2).
-33
Let p(s) = -9*s - 113. What is p(-13)?
4
Let h(x) = -9*x - 3. Calculate h(-2).
15
Let u(l) = 2*l**2 + 12*l + 4. Give u(-6).
4
Let t(n) = -n**2 - 9*n + 78. Determine t(5).
8
Let z(r) = -r**3 + 4*r**2 + 9*r + 9. Give z(5).
29
Let y(z) = -8*z**2 + z + 36. Determine y(-5).
-169
Let i(j) = 38*j + 680. Determine i(-18).
-4
Let o(r) = r**3 - 9*r**2 + 11*r - 8. Determine o(5).
-53
Let n(x) = x**3 - 21*x**2 - 23*x + 14. Determine n(22).
-8
Let y(u) = u**3 + 2*u**2 - 9*u. Calculate y(-4).
4
Let n(b) = -b**3 + 15*b**2 - 13*b - 8. What is n(14)?
6
Let o(h) = 3*h**2 + 11*h - 2. Determine o(-4).
2
Let f(n) = -n - 6. Give f(-7).
1
Let h(f) = 18*f + 276. Calculate h(-15).
6
Let n(t) = 46*t + 544. Give n(-12).
-8
Let p(o) = -o**2 + 3*o + 2. Calculate p(2).
4
Let k(i) = -i**3 + 10*i**2 + 10*i + 3. Give k(11).
-8
Let l(t) = 2*t**2 - 31*t + 9. Calculate l(15).
-6
Let b(o) = 2*o - 9. What is b(9)?
9
Let b(p) = -2*p - 123. Determine b(-53).
-17
Let d(u) = u**3 + u**2 - 30*u + 9. Give d(-6).
9
Let h(j) = 8*j**2 - 9. Give h(0).
-9
Let d(n) = -29*n - 96. Calculate d(-6).
78
Let t(g) = -g + 5. Give t(5).
0
Let m(t) = -2*t - 20. What is m(-14)?
8
Let i(k) = k**3 - 27*k**2 + 27*k - 22. Give i(26).
4
Let m(y) = -6*y + 3. What is m(-3)?
21
Let y(a) = 29*a + 1. Give y(1).
30
Let y(p) = 18*p + 25. Give y(-2).
-11
Let q(p) = -p**3 + 15*p**2 - 27*p + 19. What is q(13)?
6
Let c(u) = -5*u**2 - 4*u + 4. Calculate c(2).
-24
Let b(o) = 36*o - 1. Determine b(-1).
-37
Let n(u) = -21*u**3 + u**2 - u + 1. What is n(1)?
-20
Let h(f) = -6*f - 7. What is h(-6)?
29
Let u(c) = 2*c**2 - 3*c + 1. What is u(3)?
10
Let h(l) = l**2 - 21*l. What is h(19)?
-38
Let c(p) = p**3 + 12*p**2 + 18*p - 12. Give c(-10).
8
Let y(n) = -3*n**2 - 10*n - 5. What is y(-5)?
-30
Let u(a) = -a**3 - 12*a**2 - 10*a - 13. Determine u(-11).
-24
Let s(u) = -3*u + 23. What is s(-15)?
68
Let s(t) = t**2 - 23*t + 37. Give s(20).
-23
Let t(c) = 4*c**2 - c - 1. What is t(-1)?
4
Let x(y) = 8*y - 21. Give x(2).
-5
Let m(d) = -d**2 - 12*d - 5. Determine m(-12).
-5
Let q(n) = -8*n + 22. Calculate q(-7).
78
Let c(o) = -o**3 + 4*o**2 - 2*o + 11. Calculate c(5).
-24
Let b(l) = 5*l + 9. Give b(4).
29
Let k(o) = -o**2 + 8*o - 22. Calculate k(9).
-31
Let l(s) = -4*s**2 - 5*s - 3. Calculate l(-1).
-2
Let b(c) = -6*c + 26. What is b(3)?
8
Let n(f) = -15*f**3 + f. Give n(-1).
14
Let u(v) = -v**2 + 49*v - 260. What is u(43)?
-2
Let u(a) = -a**2 + 6*a - 3. Give u(5).
2
Let d(l) = 8*l + 10. Calculate d(-3).
-14
Let p(c) = c**3 + 6*c**2 + 2*c + 6. Give p(-6).
-6
Let s(o) = o**2 - 20*o + 100. Determine s(9).
1
Let l(w) = -w**2 - 29*w - 7. What is l(-27)?
47
Let w(u) = -2*u**2 + 35*u - 17. Give w(17).
0
Let n(u) = -u**2 + u - 5. Calculate n(5).
-25
Let t(j) = -2*j**3 + 7*j**2 - 8*j + 12. Give t(4).
-36
Let r(c) = -8*c + 7. Calculate r(2).
-9
Let f(p) = p + 2. Determine f(-2).
0
Let q(v) = -v**3 + 31*v**2 + 62*v - 16. Calculate q(33).
-148
Let p(f) = f**2 - 29*f + 11. Give p(31).
73
Let o(v) = v**3 - 3*v - 4. Calculate o(0).
-4
Let c(i) = i - 6. Give c(5).
-1
Let y(s) = 2*s + 36. Calculate y(0).
36
Let o(d) = -d**3 + 11*d**2 - 11*d + 8. Give o(10).
-2
Let t(g) = -14*g - 1. Determine t(-3).
41
Let k(j) = 2*j**2 + 63*j - 171. Calculate k(-34).
-1
Let r(v) = -v**2 - 3*v + 6. What is r(-8)?
-34
Let p(o) = 18*o - 8. Give p(0).
-8
Let k(d) = d - 1. Give k(-3).
-4
Let u(s) = -45*s**2 - s. What is u(-1)?
-44
Let a(o) = -5*o + 27. Calculate a(5).
2
Let z(d) = d**2 - 18*d - 44. Determine z(20).
-4
Let f(j) = -91*j - 371. What is f(-4)?
-7
Let o(y) = -y - 9. Give o(-14).
5
Let a(r) = 18*r - 35. Give a(3).
19
Let p(s) = -s**3 + 13*s**2 + 9*s + 3. Determine p(14).
-67
Let p(i) = i**3 + 19*i**2 - 40*i + 43. Calculate p(-21).
1
Let t(x) = -x**2 - 2*x + 33. Determine t(5).
-2
Let w(m) = -7*m + 63. Give w(8).
7
Let g(l) = -8*l**3 + l + 2. Determine g(-1).
9
Let x(u) = 2*u**3 + 8*u**2 - 11*u - 12. Give x(-5).
-7
Let m(d) = -7*d**2 - d - 1. Give m(-3).
-61
Let k(w) = 19*w**3 + w**2 + 1. What is k(-1)?
-17
Let j(h) = h**3 - 8*h**2 - 9*h + 13. Give j(9).
13
Let f(i) = -i**3 + 31*i**2 - 34*i + 114. Calculate f(30).
-6
Let o(y) = y**2 - 5. Give o(3).
4
Let y(z) = 3*z + 25. Calculate y(-9).
-2
Let r(y) = -4*y + 2. Calculate r(2).
-6
Let l(s) = s**3 - 8*s**2 - 8*s - 6. Calculate l(9).
3
Let z(r) = r**2 + 4*r - 13. Give z(3).
8
Let q(d) = d**2 - 12*d - 40. Calculate q(12).
-40
Let t(r) = -2*r**2 + 32*r - 6. Determine t(16).
-6
Let m(z) = z**3 + 9*z**2 - 21*z + 9. Give m(-11).
-2
Let t(y) = 3*y - 5. Determine t(5).
10
Let v(a) = a**3 - 6*a**2 + 2*a - 2. Determine v(4).
-26
Let x(y) = y**3 + 18*y**2 - 38*y + 14. Calculate x(-20).
-26
Let x(a) = 3*a**2 - 29*a + 1. Determine